{"id":85,"date":"2019-12-26T10:01:12","date_gmt":"2019-12-26T10:01:12","guid":{"rendered":"http:\/\/klimabuendnis-bad-camberg.de\/?page_id=85"},"modified":"2020-01-25T16:03:12","modified_gmt":"2020-01-25T16:03:12","slug":"mobilitaet","status":"publish","type":"page","link":"https:\/\/klimabuendnis-bad-camberg.de\/?page_id=85","title":{"rendered":"Mobilit\u00e4t im privatem Bereich"},"content":{"rendered":"\n<p>Kurze Wege mit dem Fahrrad und Lastenanh\u00e4nger, bei weiteren Strecken \u00d6PNV nutzen, wenn m\u00f6glich auf das Fliegen verzichten.<\/p>\n\n\n\n<figure class=\"wp-block-image size-large is-resized\"><img decoding=\"async\" loading=\"lazy\" src=\"https:\/\/klimabuendnis-bad-camberg.de\/wp-content\/uploads\/2020\/01\/fahrraeder-1024x683.jpg\" alt=\"\" class=\"wp-image-514\" width=\"512\" height=\"342\" srcset=\"https:\/\/klimabuendnis-bad-camberg.de\/wp-content\/uploads\/2020\/01\/fahrraeder-1024x683.jpg 1024w, https:\/\/klimabuendnis-bad-camberg.de\/wp-content\/uploads\/2020\/01\/fahrraeder-300x200.jpg 300w, https:\/\/klimabuendnis-bad-camberg.de\/wp-content\/uploads\/2020\/01\/fahrraeder-768x512.jpg 768w, https:\/\/klimabuendnis-bad-camberg.de\/wp-content\/uploads\/2020\/01\/fahrraeder-1536x1024.jpg 1536w, https:\/\/klimabuendnis-bad-camberg.de\/wp-content\/uploads\/2020\/01\/fahrraeder-2048x1365.jpg 2048w, https:\/\/klimabuendnis-bad-camberg.de\/wp-content\/uploads\/2020\/01\/fahrraeder-570x380.jpg 570w, https:\/\/klimabuendnis-bad-camberg.de\/wp-content\/uploads\/2020\/01\/fahrraeder-272x182.jpg 272w\" sizes=\"(max-width: 512px) 100vw, 512px\" \/><\/figure>\n","protected":false},"excerpt":{"rendered":"<p>Kurze Wege mit dem Fahrrad und Lastenanh\u00e4nger, bei weiteren Strecken \u00d6NV nutzen, auf das Fliegen verzichten.<\/p>\n","protected":false},"author":1,"featured_media":0,"parent":0,"menu_order":0,"comment_status":"closed","ping_status":"closed","template":"","meta":{"ngg_post_thumbnail":0},"_links":{"self":[{"href":"https:\/\/klimabuendnis-bad-camberg.de\/index.php?rest_route=\/wp\/v2\/pages\/85"}],"collection":[{"href":"https:\/\/klimabuendnis-bad-camberg.de\/index.php?rest_route=\/wp\/v2\/pages"}],"about":[{"href":"https:\/\/klimabuendnis-bad-camberg.de\/index.php?rest_route=\/wp\/v2\/types\/page"}],"author":[{"embeddable":true,"href":"https:\/\/klimabuendnis-bad-camberg.de\/index.php?rest_route=\/wp\/v2\/users\/1"}],"replies":[{"embeddable":true,"href":"https:\/\/klimabuendnis-bad-camberg.de\/index.php?rest_route=%2Fwp%2Fv2%2Fcomments&post=85"}],"version-history":[{"count":5,"href":"https:\/\/klimabuendnis-bad-camberg.de\/index.php?rest_route=\/wp\/v2\/pages\/85\/revisions"}],"predecessor-version":[{"id":576,"href":"https:\/\/klimabuendnis-bad-camberg.de\/index.php?rest_route=\/wp\/v2\/pages\/85\/revisions\/576"}],"wp:attachment":[{"href":"https:\/\/klimabuendnis-bad-camberg.de\/index.php?rest_route=%2Fwp%2Fv2%2Fmedia&parent=85"}],"curies":[{"name":"wp","href":"https:\/\/api.w.org\/{rel}","templated":true}]}}