{"id":53,"date":"2019-12-25T15:48:22","date_gmt":"2019-12-25T15:48:22","guid":{"rendered":"http:\/\/klimabuendnis-bad-camberg.de\/?page_id=53"},"modified":"2020-01-27T14:06:45","modified_gmt":"2020-01-27T14:06:45","slug":"home","status":"publish","type":"page","link":"https:\/\/klimabuendnis-bad-camberg.de\/","title":{"rendered":"Home"},"content":{"rendered":"\n<h1 class=\"has-text-color has-text-align-center\" style=\"color:#013d82\">Wir \u00fcber uns<\/h1>\n\n\n\n<p class=\"has-text-align-center has-medium-font-size\"><strong>Bad Camberg ist seit August 2019 hessische Klimakommune<\/strong>, und das Klimab\u00fcndnis Bad Camberg wird die Stadt aktiv dabei unterst\u00fctzen, das Projekt mit Leben zu f\u00fcllen.<\/p>\n\n\n\n<p class=\"has-text-align-center has-medium-font-size\"><strong>Das Klimab\u00fcndnis Bad Camberg <\/strong>will einerseits mehr Druck auf die  Kommunalpolitik aus\u00fcben, damit Bad Camberg schneller klimaneutral wird. Andererseits wollen wir den B\u00fcrgern Informationen geben, auch im privaten  Bereich t\u00e4tig zu werden und zu handeln. <\/p>\n\n\n\n<p class=\"has-text-align-center has-medium-font-size\">Wir werden mit Infost\u00e4nden, Flugbl\u00e4ttern, Auftritten in den sozialen Medien und Demonstrationen auf die dramatische Situation aufmerksam machen und  L\u00f6sungswege aufzeigen, <strong>was jeder einzelne von uns f\u00fcr das Klima tun kann.<\/strong><\/p>\n\n\n\n<div style=\"height:56px\" aria-hidden=\"true\" class=\"wp-block-spacer\"><\/div>\n\n\n\n<h1 class=\"has-text-color has-text-align-center\" style=\"color:#013d82\"> Wir m\u00fcssen endlich handeln! <\/h1>\n\n\n\n<div style=\"height:47px\" aria-hidden=\"true\" class=\"wp-block-spacer\"><\/div>\n\n\n\n<p class=\"has-text-align-center has-medium-font-size\"><strong>Die Folgen des Klimawandels sind bereits in Bad Camberg sichtbar. <\/strong><\/p>\n\n\n\n<p class=\"has-text-align-center has-medium-font-size\">Die D\u00fcrre der Jahre 2018 und 2019 hat zu einem besorgniserregenden Waldsterben gef\u00fchrt.<\/p>\n\n\n\n<p class=\"has-text-align-center has-medium-font-size\"> Fichten, Birken und auch Buchen sind stark gesch\u00e4digt.<\/p>\n\n\n\n<p class=\"has-text-align-center has-medium-font-size\"><strong>Unsere W\u00e4lder brechen gro\u00dffl\u00e4chig zusammen.<\/strong><\/p>\n\n\n\n<h1 class=\"has-text-color has-text-align-center\" style=\"color:#013d82\"> Unsere W\u00e4lder sterben! <\/h1>\n\n\n\n<div style=\"height:23px\" aria-hidden=\"true\" class=\"wp-block-spacer\"><\/div>\n\n\n\n<figure class=\"wp-block-image size-large\"><img decoding=\"async\" loading=\"lazy\" width=\"1024\" height=\"768\" src=\"http:\/\/klimabuendnis-bad-camberg.de\/wp-content\/uploads\/2019\/12\/20190901_130019-1024x768.jpg\" alt=\"\" class=\"wp-image-262\" srcset=\"https:\/\/klimabuendnis-bad-camberg.de\/wp-content\/uploads\/2019\/12\/20190901_130019-1024x768.jpg 1024w, https:\/\/klimabuendnis-bad-camberg.de\/wp-content\/uploads\/2019\/12\/20190901_130019-300x225.jpg 300w, https:\/\/klimabuendnis-bad-camberg.de\/wp-content\/uploads\/2019\/12\/20190901_130019-768x576.jpg 768w, https:\/\/klimabuendnis-bad-camberg.de\/wp-content\/uploads\/2019\/12\/20190901_130019-1536x1152.jpg 1536w, https:\/\/klimabuendnis-bad-camberg.de\/wp-content\/uploads\/2019\/12\/20190901_130019-2048x1536.jpg 2048w\" sizes=\"(max-width: 1024px) 100vw, 1024px\" \/><figcaption> Wald am Kuhbett bei Schwickershausen 2019 &#8211; die meisten B\u00e4ume sind bereits abgestorben. <br><\/figcaption><\/figure>\n\n\n\n<div style=\"height:30px\" aria-hidden=\"true\" class=\"wp-block-spacer\"><\/div>\n\n\n\n<hr class=\"wp-block-separator\"\/>\n\n\n\n<div style=\"height:36px\" aria-hidden=\"true\" class=\"wp-block-spacer\"><\/div>\n\n\n\n<h1 class=\"has-text-color has-text-align-center\" style=\"color:#013d82\">  Eine Katastrophe ungeahnten Ausma\u00dfes!  <\/h1>\n\n\n\n<p class=\"has-text-color has-text-align-center has-medium-font-size has-very-dark-gray-color\"><br>Der Wald ist eines unserer wichtigsten \u00d6kosysteme und eine sehr gro\u00dfe CO2 Senke &#8211; <\/p>\n\n\n\n<p class=\"has-text-color has-text-align-center has-medium-font-size has-very-dark-gray-color\">und gleich am Anfang des Wahnsinns bricht uns der Wald weg.<\/p>\n\n\n\n<p class=\"has-text-color has-text-align-center has-medium-font-size has-very-dark-gray-color\"><br>Man  kann noch nicht einmal nachpflanzen, da keiner wei\u00df, welche B\u00e4ume bei uns im Taunus, mitten in Hessen, in 30 oder 40 oder 50 Jahren \u00fcberhaupt noch \u00fcberleben k\u00f6nnen. Niemand hat eine Vorstellung davon, wie hei\u00df und trocken die Sommer hier im Taunus in 2050 oder 2060  sein werden, es gibt nur mehr als besorgniserregende Vermutungen und Annahmen der Klimaforscher. <\/p>\n\n\n\n<p class=\"has-text-color has-text-align-center has-medium-font-size has-very-dark-gray-color\"><strong>Sollen wir schon Palmen pflanzen oder noch 20 Jahre<\/strong> <strong>warten?<\/strong><\/p>\n\n\n\n<p class=\"has-text-align-center has-medium-font-size\">Der  Wald zeigt uns, wie unglaublich naiv und wie wenig vorbereitet unsere Verwaltungen, Kommunen, Regierungen, Verantwortlichen und eigentlich wir alle sind, wenn es um den Klimawandel geht. <\/p>\n\n\n\n<p class=\"has-text-align-center has-medium-font-size\"><strong>Wir haben nicht den Hauch einer Vorstellung davon, was uns diesbez\u00fcglich in den n\u00e4chsten 20, 30, 40 oder 50 <\/strong> <strong>Jahren<\/strong> <strong>hier in Hessen bevorsteht<\/strong>.<\/p>\n\n\n\n<p class=\"has-text-align-center has-medium-font-size\"><br>An der Katastrophe, die sich derzeit in unseren W\u00e4ldern nahezu in ganz Europa abspielt, sehen wir, was es bedeutet, wenn sich Kaskaden von Ver\u00e4nderungen in Bewegung setzen, die kein Wissenschaftler vorhergesehen hat und die  schlimmstenfalls niemand mehr stoppen kann. <\/p>\n\n\n\n<p class=\"has-text-align-center has-medium-font-size\"><strong>Zwei Jahre D\u00fcrre in Europa und das \u00d6kosystem Wald bricht uns fl\u00e4chendeckend zusammen. <\/strong><\/p>\n\n\n\n<p class=\"has-text-align-center has-medium-font-size\">Und dabei werden r\u00fcckblickend diese letzten hei\u00dfen Sommer die k\u00e4ltesten des ganzen aktuellen Jahrhunderts gewesen sein&#8230; <\/p>\n\n\n\n<div style=\"height:33px\" aria-hidden=\"true\" class=\"wp-block-spacer\"><\/div>\n\n\n\n<hr class=\"wp-block-separator\"\/>\n\n\n\n<div style=\"height:41px\" aria-hidden=\"true\" class=\"wp-block-spacer\"><\/div>\n\n\n\n<h1 class=\"has-text-color has-text-align-center\" style=\"color:#013d82\">Unser Klima besch\u00e4ftigt uns<\/h1>\n\n\n\n<div class=\"is-layout-flex wp-container-4 wp-block-columns\">\n<div class=\"is-layout-flow wp-block-column\"><ul class=\"wp-block-latest-posts__list wp-block-latest-posts\"><li><a class=\"wp-block-latest-posts__post-title\" href=\"https:\/\/klimabuendnis-bad-camberg.de\/?p=278\">Klimawandel<\/a><div class=\"wp-block-latest-posts__post-excerpt\">Der Klimawandel ist in vollem Gange, und es geht nur noch darum, die Risiken und Auswirkungen einigerma\u00dfen zu reduzieren. Am 12. Dezember 2015 kam die Klimarahmenkonvention der Vereinten Nationen in Paris \u00fcberein, dass die menschengemachte globale Erw\u00e4rmung zum Ende des Jahrhunderts auf unter 2\u00b0 C gegen\u00fcber der vorindustriellen Zeit begrenzt werden muss, um \u00fcberm\u00e4\u00dfige Sch\u00e4den&#8230;<p class=\"more-link\"><a href=\"https:\/\/klimabuendnis-bad-camberg.de\/?p=278\" class=\"themebutton3\">Read More<\/a><\/p><\/div><\/li>\n<\/ul>\n\n<ul class=\"wp-block-latest-posts__list wp-block-latest-posts\"><li><a class=\"wp-block-latest-posts__post-title\" href=\"https:\/\/klimabuendnis-bad-camberg.de\/?p=625\">Jung und Naiv erkl\u00e4rt:<\/a><div class=\"wp-block-latest-posts__post-excerpt\">Energieprofessor Prof. Dr.-Ing. Volker Quaschning (&#8222;Scientists for Future&#8220;) &#8211; Jung &amp; Naiv: Folge 418 Solarenergie, Windenergie und Scientists for Future<\/div><\/li>\n<\/ul><\/div>\n\n\n\n<div class=\"is-layout-flow wp-block-column\"><ul class=\"wp-block-latest-posts__list wp-block-latest-posts\"><li><a class=\"wp-block-latest-posts__post-title\" href=\"https:\/\/klimabuendnis-bad-camberg.de\/?p=271\">Klimaschutz<\/a><div class=\"wp-block-latest-posts__post-excerpt\">Seit August 2019 ist Bad Camberg hessische Klimakommune und es stehen umfangreiche F\u00f6rdergelder f\u00fcr kommunalen Klimaschutz zur Verf\u00fcgung. Jetzt ist die Mitarbeit der B\u00fcrger gefragt, um das Projekt mit Leben zu f\u00fcllen. Jeder B\u00fcrger muss auch im privaten Bereich aktiv werden, um den CO2 Aussto\u00df zu reduzieren. Nachhaltig und klimaneutral bedeutet einen CO2 Aussto\u00df von&#8230;<p class=\"more-link\"><a href=\"https:\/\/klimabuendnis-bad-camberg.de\/?p=271\" class=\"themebutton3\">Read More<\/a><\/p><\/div><\/li>\n<\/ul>\n\n<ul class=\"wp-block-latest-posts__list wp-block-latest-posts\"><li><a class=\"wp-block-latest-posts__post-title\" href=\"https:\/\/klimabuendnis-bad-camberg.de\/?p=613\">Klimapaket der Bundesregierung<\/a><div class=\"wp-block-latest-posts__post-excerpt\">Was hat die Bundesregierung im September 2019 beschlossen? &nbsp; Hier ein Beitrag von Prof. Dr.-Ing. Volker Quanschning von Scientist for Future:<\/div><\/li>\n<\/ul><\/div>\n\n\n\n<div class=\"is-layout-flow wp-block-column\"><ul class=\"wp-block-latest-posts__list wp-block-latest-posts\"><li><a class=\"wp-block-latest-posts__post-title\" href=\"https:\/\/klimabuendnis-bad-camberg.de\/?p=268\">Klimaanpassung<\/a><div class=\"wp-block-latest-posts__post-excerpt\">Der Klimawandel ist auch bei uns in Bad Camberg bereits sp\u00fcrbar und wir m\u00fcssen uns an die ver\u00e4nderten Gegebenheiten anpassen. Sowohl die Kommune muss in diesem Bereich t\u00e4tig werden als auch der einzelne B\u00fcrger. Wir m\u00fcssen uns auf Wetterereignisse wie Hitzewellen und Starkregen einstellen und dementsprechend Vorsorge treffen.<\/div><\/li>\n<\/ul>\n\n<ul class=\"wp-block-latest-posts__list wp-block-latest-posts\"><li><a class=\"wp-block-latest-posts__post-title\" href=\"https:\/\/klimabuendnis-bad-camberg.de\/?p=618\">Scientists for Future, Pressekonferenz 12-03-2019<\/a><div class=\"wp-block-latest-posts__post-excerpt\">Hier die gesamte Pressekonferenz&nbsp; der &#8222;Scientists for Future&#8220; zu den Protesten f\u00fcr mehr Klimaschutz 7 Bundespressekonferenz 12\/03\/2019:<\/div><\/li>\n<\/ul><\/div>\n<\/div>\n\n\n\n<div style=\"height:30px\" aria-hidden=\"true\" class=\"wp-block-spacer\"><\/div>\n\n\n\n<hr class=\"wp-block-separator\"\/>\n\n\n\n<div style=\"height:37px\" aria-hidden=\"true\" class=\"wp-block-spacer\"><\/div>\n\n\n\n<h1 class=\"has-text-color has-text-align-center\" style=\"color:#013d82\">Aktuelles:<\/h1>\n\n\n\n<div class=\"is-layout-flex wp-container-7 wp-block-columns\">\n<div class=\"is-layout-flow wp-block-column\" style=\"flex-basis:55%\"><ul class=\"wp-block-latest-posts__list has-dates wp-block-latest-posts\"><li><a class=\"wp-block-latest-posts__post-title\" href=\"https:\/\/klimabuendnis-bad-camberg.de\/?p=675\">M\u00fcllsammelaktion 2020<\/a><time datetime=\"2020-03-04T17:07:22+00:00\" class=\"wp-block-latest-posts__post-date\">M\u00e4rz 4, 2020<\/time><div class=\"wp-block-latest-posts__post-full-content\"><strong>Das Klimab\u00fcndnis Bad Camberg organisiert f\u00fcr den 14.3.20 ab 14.00 Uhr bis ca. 16.00 Uhr eine M\u00fcllsammelaktion in Bad Camberg.<\/strong>\n\nTreffpunkte sind der Parkplatz gegen\u00fcber des Waldschlosses und der Pendlerparkplatz an der Autobahn.\n\n\u00a0\n\nWer mitmachen m\u00f6chte, ist herzlich willkommen.\n\nBitte denkt an Warnwesten, Handschuhe und gegebenenfalls Greifzangen (werden zum Teil auch gestellt).\n\nM\u00fclls\u00e4cke\u00a0 gibt\u00a0 es vor Ort.\n\n\u00a0\n\nWir freuen uns auf viele aktive B\u00fcrger und ein sauberes Bad Camberg.\n\nEuer Klimab\u00fcndnis Bad Camberg<\/div><\/li>\n<li><a class=\"wp-block-latest-posts__post-title\" href=\"https:\/\/klimabuendnis-bad-camberg.de\/?p=46\">Aktuelles &#8211; n\u00e4chstes Treffen<\/a><time datetime=\"2019-12-25T15:23:18+00:00\" class=\"wp-block-latest-posts__post-date\">Dezember 25, 2019<\/time><div class=\"wp-block-latest-posts__post-full-content\"><!-- wp:paragraph -->\n<p>Unser n\u00e4chstes Treffen der Klimab\u00fcndnis Arbeitsgruppe findet am <strong>Mittwoch, den 18.03.2020, um 20:00 Uhr <\/strong>im evangelischen Gemeindehaus in Bad Camberg, Eichbornstra\u00dfe 13, statt.<\/p>\n<!-- \/wp:paragraph -->\n\n<!-- wp:spacer {\"height\":24} -->\n<div style=\"height:24px\" aria-hidden=\"true\" class=\"wp-block-spacer\"><\/div>\n<!-- \/wp:spacer -->\n\n<!-- wp:paragraph -->\n<p> Interessierte G\u00e4ste sind uns jederzeit willkommen. <\/p>\n<!-- \/wp:paragraph -->\n\n<!-- wp:spacer -->\n<div style=\"height:100px\" aria-hidden=\"true\" class=\"wp-block-spacer\"><\/div>\n<!-- \/wp:spacer --><\/div><\/li>\n<\/ul><\/div>\n\n\n\n<div class=\"is-layout-flow wp-block-column\" style=\"flex-basis:45%\"><ul class=\"wp-block-latest-posts__list wp-block-latest-posts\"><li><a class=\"wp-block-latest-posts__post-title\" href=\"https:\/\/klimabuendnis-bad-camberg.de\/?p=328\">Globaler Klimastreik<\/a><div class=\"wp-block-latest-posts__post-excerpt\">Globaler Klimastreik auch in Bad Camberg! Wir, das Klimab\u00fcndnis Bad Camberg, werden auch f\u00fcr den n\u00e4chsten globalen Klimastreik eine gro\u00dfe Demo in Bad Camberg organisieren. Sobald wir den genauen Termin kennen, werden wir euch hier informieren und hoffen wieder auf eine gro\u00dfe Unterst\u00fctzung von den Bad Camberger B\u00fcrgern.<\/div><\/li>\n<\/ul><\/div>\n<\/div>\n","protected":false},"excerpt":{"rendered":"<p>Wir \u00fcber uns Bad Camberg ist seit August 2019 hessische Klimakommune, und das Klimab\u00fcndnis Bad Camberg wird die Stadt aktiv dabei unterst\u00fctzen, das Projekt mit Leben zu f\u00fcllen. Das Klimab\u00fcndnis Bad Camberg will einerseits mehr Druck auf die Kommunalpolitik aus\u00fcben, damit Bad Camberg schneller klimaneutral wird. Andererseits wollen wir den B\u00fcrgern Informationen geben, auch im&#8230;<\/p>\n<p class=\"more-link\"><a href=\"https:\/\/klimabuendnis-bad-camberg.de\/\" class=\"themebutton3\">Read More<\/a><\/p>\n","protected":false},"author":1,"featured_media":0,"parent":0,"menu_order":0,"comment_status":"closed","ping_status":"closed","template":"","meta":{"ngg_post_thumbnail":0},"_links":{"self":[{"href":"https:\/\/klimabuendnis-bad-camberg.de\/index.php?rest_route=\/wp\/v2\/pages\/53"}],"collection":[{"href":"https:\/\/klimabuendnis-bad-camberg.de\/index.php?rest_route=\/wp\/v2\/pages"}],"about":[{"href":"https:\/\/klimabuendnis-bad-camberg.de\/index.php?rest_route=\/wp\/v2\/types\/page"}],"author":[{"embeddable":true,"href":"https:\/\/klimabuendnis-bad-camberg.de\/index.php?rest_route=\/wp\/v2\/users\/1"}],"replies":[{"embeddable":true,"href":"https:\/\/klimabuendnis-bad-camberg.de\/index.php?rest_route=%2Fwp%2Fv2%2Fcomments&post=53"}],"version-history":[{"count":48,"href":"https:\/\/klimabuendnis-bad-camberg.de\/index.php?rest_route=\/wp\/v2\/pages\/53\/revisions"}],"predecessor-version":[{"id":634,"href":"https:\/\/klimabuendnis-bad-camberg.de\/index.php?rest_route=\/wp\/v2\/pages\/53\/revisions\/634"}],"wp:attachment":[{"href":"https:\/\/klimabuendnis-bad-camberg.de\/index.php?rest_route=%2Fwp%2Fv2%2Fmedia&parent=53"}],"curies":[{"name":"wp","href":"https:\/\/api.w.org\/{rel}","templated":true}]}}