{"id":415,"date":"2020-01-04T21:14:06","date_gmt":"2020-01-04T21:14:06","guid":{"rendered":"http:\/\/klimabuendnis-bad-camberg.de\/?page_id=415"},"modified":"2020-01-25T16:08:56","modified_gmt":"2020-01-25T16:08:56","slug":"kunststoff","status":"publish","type":"page","link":"https:\/\/klimabuendnis-bad-camberg.de\/?page_id=415","title":{"rendered":"Plastik"},"content":{"rendered":"\n<p>Zu Kunststoff gibt es im Deutschlandfunk einen h\u00f6chst interessanten Podcast von Kerstin Ruskowski, den wir euch hier gerne verlinken:<\/p>\n\n\n\n<p style=\"color:#650137\" class=\"has-text-color has-text-align-center\"><a href=\"https:\/\/www.deutschlandfunknova.de\/beitrag\/leben-in-der-plastikwelt\" class=\"fancybox-iframe\">Leben in der Plastikwelt<\/a><\/p>\n\n\n\n<p style=\"color:#650137\" class=\"has-text-color has-text-align-center\"><a href=\"https:\/\/www.deutschlandfunknova.de\/beitrag\/plastik-chemikalien-im-menschlichen-koerper\" class=\"fancybox-iframe\">Das Plastik in uns<\/a><\/p>\n\n\n\n<p style=\"color:#650137\" class=\"has-text-color has-text-align-center\"><a href=\"https:\/\/www.deutschlandfunknova.de\/beitrag\/mikroplastik-in-nahrung-und-getraenken\" class=\"fancybox-iframe\">Ich und mein Plastik<\/a><\/p>\n\n\n\n<p style=\"color:#650137\" class=\"has-text-color has-text-align-center\"><a href=\"https:\/\/www.deutschlandfunknova.de\/beitrag\/plastik-herstellung-aus-erdoel\" class=\"fancybox-iframe\">Was ist Plastik<\/a><\/p>\n\n\n\n<p style=\"color:#650137\" class=\"has-text-color has-text-align-center\"><a class=\"fancybox-iframe\" href=\"https:\/\/www.deutschlandfunknova.de\/beitrag\/plastik-nuetzlich-und-schaedlich\">Gutes Plastik, schlechtes Plastik<\/a><\/p>\n\n\n\n<div style=\"height:38px\" aria-hidden=\"true\" class=\"wp-block-spacer\"><\/div>\n\n\n\n<div class=\"wp-block-image\"><figure class=\"aligncenter size-large is-resized\"><img decoding=\"async\" loading=\"lazy\" src=\"https:\/\/klimabuendnis-bad-camberg.de\/wp-content\/uploads\/2020\/01\/plastiktuete-768x1024.jpg\" alt=\"\" class=\"wp-image-506\" width=\"192\" height=\"256\" srcset=\"https:\/\/klimabuendnis-bad-camberg.de\/wp-content\/uploads\/2020\/01\/plastiktuete-768x1024.jpg 768w, https:\/\/klimabuendnis-bad-camberg.de\/wp-content\/uploads\/2020\/01\/plastiktuete-225x300.jpg 225w, https:\/\/klimabuendnis-bad-camberg.de\/wp-content\/uploads\/2020\/01\/plastiktuete-1152x1536.jpg 1152w, https:\/\/klimabuendnis-bad-camberg.de\/wp-content\/uploads\/2020\/01\/plastiktuete-1536x2048.jpg 1536w, https:\/\/klimabuendnis-bad-camberg.de\/wp-content\/uploads\/2020\/01\/plastiktuete-scaled.jpg 1920w\" sizes=\"(max-width: 192px) 100vw, 192px\" \/><\/figure><\/div>\n\n\n\n<hr class=\"wp-block-separator\"\/>\n\n\n\n<div style=\"height:33px\" aria-hidden=\"true\" class=\"wp-block-spacer\"><\/div>\n\n\n<ul class=\"wp-block-latest-posts__list is-grid columns-3 has-dates aligncenter wp-block-latest-posts\"><li><a class=\"wp-block-latest-posts__post-title\" href=\"https:\/\/klimabuendnis-bad-camberg.de\/?p=456\">Plastik und die Folgen f\u00fcr das Klima<\/a><time datetime=\"2020-01-22T16:13:04+00:00\" class=\"wp-block-latest-posts__post-date\">Januar 22, 2020<\/time><div class=\"wp-block-latest-posts__post-excerpt\">Von der Rohstoffgewinnung \u00fcber die Herstellung von Kunststoff bis hin zur Abfallentsorgung \u00fcberall entstehen immense Treibhausgasemissionen. Man sch\u00e4tzt, dass bis 2030 weltweit pro Jahr Emissionen f\u00fcr die Kunststoffproduktion und die Kunststoffentsorgung in H\u00f6he von 1,34 Gigatonnen anfallen, dies entspricht den Emissionen von mehr als 295 neuen 500 Megawatt Kohlekraftwerken. In 2019 wurden 850 Millionen Tonnen&#8230;<p class=\"more-link\"><a href=\"https:\/\/klimabuendnis-bad-camberg.de\/?p=456\" class=\"themebutton3\">Read More<\/a><\/p><\/div><\/li>\n<li><a class=\"wp-block-latest-posts__post-title\" href=\"https:\/\/klimabuendnis-bad-camberg.de\/?p=462\">Kunststoff &#8211; Abfallentsorgung<\/a><time datetime=\"2020-01-22T16:22:51+00:00\" class=\"wp-block-latest-posts__post-date\">Januar 22, 2020<\/time><div class=\"wp-block-latest-posts__post-excerpt\">Unsere Kunststoffabf\u00e4lle werden recycelt, deponiert oder verbrannt. Beim Recycling werden zwar auch Emissionen freigesetzt, aber bei weitem nicht in dem Ausma\u00df wie bei der Herstellung von neuen Kunststoffen anfallen. Die Deponierung ist hinsichtlich der emittierten Treibhausgase die g\u00fcnstigste Variante, birgt aber viele weitere Risiken in sich. Die sch\u00e4dlichste Art der Entsorgung ist das Verbrennen der&#8230;<p class=\"more-link\"><a href=\"https:\/\/klimabuendnis-bad-camberg.de\/?p=462\" class=\"themebutton3\">Read More<\/a><\/p><\/div><\/li>\n<\/ul>","protected":false},"excerpt":{"rendered":"<p>Zu Kunststoff gibt es im Deutschlandfunk einen h\u00f6chst interessanten Podcast von Kerstin Ruskowski, den wir euch hier gerne verlinken: Leben in der Plastikwelt Das Plastik in uns Ich und mein Plastik Was ist Plastik Gutes Plastik, schlechtes Plastik<\/p>\n","protected":false},"author":1,"featured_media":0,"parent":0,"menu_order":0,"comment_status":"closed","ping_status":"closed","template":"","meta":{"ngg_post_thumbnail":0},"_links":{"self":[{"href":"https:\/\/klimabuendnis-bad-camberg.de\/index.php?rest_route=\/wp\/v2\/pages\/415"}],"collection":[{"href":"https:\/\/klimabuendnis-bad-camberg.de\/index.php?rest_route=\/wp\/v2\/pages"}],"about":[{"href":"https:\/\/klimabuendnis-bad-camberg.de\/index.php?rest_route=\/wp\/v2\/types\/page"}],"author":[{"embeddable":true,"href":"https:\/\/klimabuendnis-bad-camberg.de\/index.php?rest_route=\/wp\/v2\/users\/1"}],"replies":[{"embeddable":true,"href":"https:\/\/klimabuendnis-bad-camberg.de\/index.php?rest_route=%2Fwp%2Fv2%2Fcomments&post=415"}],"version-history":[{"count":17,"href":"https:\/\/klimabuendnis-bad-camberg.de\/index.php?rest_route=\/wp\/v2\/pages\/415\/revisions"}],"predecessor-version":[{"id":587,"href":"https:\/\/klimabuendnis-bad-camberg.de\/index.php?rest_route=\/wp\/v2\/pages\/415\/revisions\/587"}],"wp:attachment":[{"href":"https:\/\/klimabuendnis-bad-camberg.de\/index.php?rest_route=%2Fwp%2Fv2%2Fmedia&parent=415"}],"curies":[{"name":"wp","href":"https:\/\/api.w.org\/{rel}","templated":true}]}}